4*z = -2*k + 20, g*z - 4*k - k - 41 = 0. Suppose 23 = 2*a + z. What is the units digit of a?
8
Suppose -27 - 128 = -5*r. What is the tens digit of r?
3
Let a be ((-32)/12)/((-1)/(-3)). Let x(u) = -2*u - 6. What is the units digit of x(a)?
0
Suppose -2*v + 88 = -288. Suppose 0*o + 4*o - v = 0. Suppose -o = -5*g + 3. What is the tens digit of g?
1
Let h = -17 + 19. Suppose h*c + 10 = 16. What is the units digit of c?
3
Let n(z) = -z**2 - 10*z - 5. Let s be (-4 + 1)*(0 - 1). Suppose s*m = -5*j - 57, m + 20 = -4*m. What is the units digit of n(j)?
4
Let s be -1*3*(-4 - 10). Suppose -5*a + s = -3. What is the units digit of a?
9
Suppose 7 = 3*p - 2*k, -4*p - k = 4 - 28. Let r(g) = g**2 - 7*g + 3. Let l be r(p). Let v = -6 - l. What is the units digit of v?
1
Let w(k) = 16*k + 23. What is the tens digit of w(6)?
1
Suppose 0*u + 10 = 5*u. Suppose -3*y + 28 = y + u*f, 5*f - 25 = -y. Suppose 2*g - 6 = -5*k, y*g - 30 = -4*k + 2. What is the units digit of g?
8
Let b(c) = 5*c + 1. Let m = -5 - -6. What is the units digit of b(m)?
6
Let z(d) = -5*d - 23. What is the tens digit of z(-7)?
1
Let b(o) = -o**2 + o + 3. Let r be b(0). Suppose -3*c + 4*p = -5*c - 8, 0 = -r*c + 4*p - 12. What is the tens digit of 106/8 + c/16?
1
Let r = 35 + -5. Let t be ((-8)/10)/((-4)/r). Suppose t*s - s - 17 = 4*q, 3*s = 3*q + 9. What is the units digit of q?
2
Suppose 121 = 2*j - 5*z, 0*z = -j + 2*z + 63. What is the units digit of j?
3
Suppose -4*x + p + 620 = 219, 0 = -3*x + 5*p + 288. What is the hundreds digit of x?
1
Suppose 6*q - 3*q = 3, 4*r - 4*q = 12. Suppose -r*n = 2*z - 140 + 28, 3*n = -5*z + 98. What is the tens digit of n?
2
Suppose -14*a + 1940 = -20. What is the units digit of a?
0
Suppose 0 = 4*k + 3*y - 3, -k - 1 = -0*y - y. Let c(g) = g**2 + 7*g + 2. Let w be c(-7). Let i = k + w. What is the units digit of i?
2
Let i(g) = g**3 - 2*g**2 - g - 4. Let c be i(3). Suppose c*t + 2*t = 80. What is the units digit of t?
0
Let m(z) = -6*z - 7. Let q(l) = -l. Let n(p) = m(p) - 4*q(p). Suppose -2*i - 2*f - 22 = 0, -7*f - 43 = 3*i - 2*f. What is the units digit of n(i)?
5
Let c = 59 + -111. Let p = 83 + c. What is the tens digit of p?
3
Let x = 13 + -11. What is the units digit of 30/9*x*3?
0
Let d = -12 + 22. Let f(h) = h**3 - 9*h**2 - 8*h - 10. What is the units digit of f(d)?
0
Suppose -6 = -x + 2*x. Let f = x + 8. Suppose 0 = 2*h + f*h - 20. What is the units digit of h?
5
Let v(z) = -z. Let n(d) = 6*d - 2. Let u(h) = n(h) + 5*v(h). What is the units digit of u(10)?
8
Let i(q) = 32*q + 41. What is the tens digit of i(8)?
9
Let b(i) = 2*i**2 + i + 2. What is the units digit of b(-5)?
7
Suppose 5*c = 137 + 103. What is the tens digit of c?
4
Let i be 252/45 - (-3)/(-5). Suppose i*z = -4*s + 30, 0 = -4*s + s - z + 17. What is the units digit of s?
5
Suppose -3*i = -2*r + 2*i + 27, 2*i = -3*r + 50. Suppose 5*c = c + r. Suppose 5*d - 31 = -5*l + c*l, -l - 4 = 0. What is the units digit of d?
7
Let v be (-2 - (-27)/(-12))*4. Let p = v + 27. What is the units digit of p?
0
Let k = -9 + 20. Suppose 1 = 2*b - 29. Let r = b - k. What is the units digit of r?
4
Let s(r) = -11*r - 4. What is the tens digit of s(-5)?
5
Let z(j) = -j**3 - 16*j**2 - 12*j. What is the tens digit of z(-16)?
9
Let b = -217 - -304. Suppose 0 = 3*v - 0*v - b. What is the tens digit of v?
2
What is the units digit of 618/9 + (-12)/18?
8
Suppose -14*w = -13*w - 106. What is the units digit of w?
6
Let l = 3 + 0. Suppose 5*n = l + 7. Suppose -n*s = j + 2 - 6, -4*j = -2*s - 46. What is the tens digit of j?
1
Let u = 3 - 10. Let t = u + 41. What is the tens digit of t?
3
Let s(y) = 30*y. Let w = 6 + -5. Let a be s(w). What is the tens digit of (2/(-4))/((-1)/a)?
1
Suppose -y + 47 = 2*y + 2*p, -34 = -2*y - 4*p. What is the tens digit of y?
1
Let j = 127 - 77. What is the units digit of j?
0
Suppose 6*g - 132 = 294. What is the tens digit of g?
7
Suppose 5*a = -2*a + 77. What is the units digit of a?
1
Suppose 0 = 3*d + 13*z - 8*z - 829, -2*z = 4*d - 1082. What is the units digit of d?
8
Let f = -8 + 11. Suppose 0 = f*h - 26 - 34. What is the tens digit of h?
2
Suppose -72 = -2*h + 6*h. Let t = 32 + h. What is the tens digit of t?
1
Let w(f) = 8*f**3 - f**2. Let m be w(1). Suppose 0 = 3*o - m*o + 60. Suppose 10*x - 5*x = o. What is the units digit of x?
3
Let j be 1*11*(1 + 0). Let y = -19 + j. Let x = -4 - y. What is the units digit of x?
4
Suppose -8*c + 12*c = 108. What is the tens digit of c?
2
Let v = -86 + 120. What is the tens digit of v?
3
Let z be 3/2 + 75/(-6). Let q(j) = -3*j**3 + j**2 - j + 1. Let u be q(2). Let g = z - u. What is the tens digit of g?
1
Let f = -2 - -4. Suppose -1 = y + 2*z - 13, 1 = -f*y + z. What is the units digit of y?
2
Let l = 69 - 53. What is the units digit of l?
6
Suppose -26 + 68 = -3*x. Let c = x + 38. What is the units digit of c?
4
Suppose -150 = -5*a - 0*a. What is the units digit of a?
0
Let x = 30 - -10. Let k = 61 + -40. Let n = x - k. What is the units digit of n?
9
Suppose -5*b - 11 - 4 = 0, 2*f = 5*b + 95. Suppose 0 = 5*s + 2*v + f, 5*v = 5*s + 4*v + 25. What is the units digit of (-44)/(-10) + s/(-10)?
5
Let g(o) = o**2 - 3*o + 2. Let q be g(3). What is the units digit of ((-5)/2)/((-1)/q)?
5
What is the units digit of ((-12)/48)/((-1)/4)?
1
Let t(c) = -2 + 20*c - 2 - 1 - 7*c**2 - c. Let v(a) = 3*a**2 - 9*a + 3. Let h(d) = -2*t(d) - 5*v(d). What is the units digit of h(4)?
7
Let d = 5 - 6. What is the tens digit of (d/(-2))/(5/180)?
1
Let u be (-3)/(12/14)*2. Let t(n) = -3*n + 11. Let c(f) = -f + 4. Let x(a) = -8*c(a) + 3*t(a). What is the units digit of x(u)?
8
Let b(g) = 13*g - 5. What is the tens digit of b(3)?
3
Suppose m = 0, -5*a + 5*m - 1 - 14 = 0. Let v(r) = -r**2 - r + 3. Let f be v(a). Let j(u) = u**3 + 4*u**2 + 3*u + 1. What is the units digit of j(f)?
1
Suppose -60 = -4*p - c + 52, -2*p = 3*c - 66. Let b be (p/(-36))/(1/(-4)). What is the units digit of 37/3 + 2/b?
3
What is the units digit of 44/((-8)/(-2)) - -1?
2
Suppose 3*f - 3887 = -10*f. What is the units digit of f?
9
Let g be 3/(2/((-8)/6)). What is the tens digit of 32/(-24)*21/g?
1
Let r(q) = -q**2 + 7*q - 4. Let y be r(6). Let z = 7 - y. Suppose z*v - 5*c = 15, v - 28 = -3*c - c. What is the units digit of v?
8
Suppose -2*a + 60 = 2*a. Suppose r - a = -2*v, -2*v + 3*r - 1 + 12 = 0. What is the units digit of v?
7
Let b(d) = -4*d - 1. Let q(o) = -o - 1. Let h(c) = -b(c) + 3*q(c). What is the units digit of h(11)?
9
Let n(q) = 3*q + 4. Let i be n(-3). Let m be ((-2)/5)/(1/i). What is the units digit of m/(-3) + (-55)/(-15)?
3
Let z = 10 - 16. What is the units digit of (10/z - -3)*3?
4
Let r(l) = 5*l + 1. Let g be r(-3). Let q = -6 - g. Suppose -k = 3*k, -2*s + q = k. What is the units digit of s?
4
Let a(y) = -y**3 - 7*y**2 - 6*y - 1. Let i be a(-6). What is the tens digit of 17/(-2 + 3) + i?
1
Suppose 4*u - 141 = 43. Suppose 64 = 5*f + 3*o, 0 = 4*f - 0*o + 5*o - u. What is the units digit of f?
4
Suppose -2*i = 2*i - 384. Suppose -u + 4*q = -0*u, 5*u + 4*q = i. What is the tens digit of u?
1
Suppose 45 = -0*y + 5*y - r, 0 = -2*r + 10. Let g(q) = 0 - y - 4*q + 2 - 3. What is the tens digit of g(-8)?
2
Let c be 180/24*4/(-5). What is the units digit of (c - -8) + 2*1?
4
Let r(z) be the first derivative of -5*z**2/2 + 1. Let w(u) = -u**3 - 6*u**2 + 17*u + 6. Let l be w(-8). What is the tens digit of r(l)?
1
Let r = 50 + -26. What is the tens digit of r?
2
What is the tens digit of ((-796)/6)/((-8)/36*3)?
9
Let b = -10 - -24. What is the units digit of b?
4
Let x(f) = -f**3 - 10*f**2 - 4*f - 12. What is the units digit of x(-10)?
8
Let g(y) = -y**2 - y + 5. Let r be (-1 - -1) + -1 + 1. What is the units digit of g(r)?
5
What is the units digit of 7/(-14) + 11/2?
5
Suppose 4*m + 5*s + 6 - 16 = 0, 2*m = -3*s + 6. Suppose m = v - 6*v + 15. Suppose d - 18 = -5*l, 4*d - 9 = -v*l + 12. What is the units digit of l?
3
Suppose 0*h - 12 = 3*h. Let j be h/(-16) - 7/(-4). Suppose 5 - j = r. What is the units digit of r?
3
Suppose 0 = -g - 3*g - 124. Let v = -10 - g. What is the units digit of v?
1
Let b be (2 - 49)*1*2. Let j = -60 - b. What is the tens digit of j?
3
Let a(s) = -8*s - 3. What is the units digit of a(-3)?
1
What is the units digit of 12/15*195/6?
6
Suppose 6*b - 174 = 3*b. What is